ctor of l and a.
12
Let f(x) = x**2 + 12*x + 7. Let b be f(-12). Suppose -4*j - 336 = -b*j. Calculate the highest common factor of 14 and j.
14
Suppose -2*v + 169 = 5*a - 37, -4*a = -3*v - 151. Suppose s - 22 = 3*g, -s = -4*s - 4*g + a. Calculate the greatest common divisor of 16 and s.
16
Suppose -2*t = -3 - 3. Let b be 4 + t*6/(-9). Let m be b/1 + (50 - -3). Calculate the greatest common factor of m and 5.
5
Let k be 1*119 - -2*1. Suppose -3*i = 3 + 3, 0 = -5*h - i + 23. Suppose -h*b + 40 = 3*n, -4*b - 3*n = -b - 18. Calculate the highest common factor of k and b.
11
Suppose 107 = 27*v - 55. Let z be (48/(-10))/((-1)/10). Calculate the greatest common divisor of z and v.
6
Let y(r) = -4*r + 2. Let d be y(-2). Suppose d = -2*n, -52 + 0 = -3*j - n. Suppose -3*a + 5 = -j. What is the greatest common factor of 8 and a?
8
Let z be -3 - (-31 + -2)/1. Let v(w) = w**2 - 14*w + 16. Let i be v(13). Calculate the highest common factor of i and z.
3
Let o(k) = 21*k + 4 + 7*k + 4. Let l be o(6). Calculate the highest common divisor of l and 16.
16
Suppose 3*b = -25 + 277. What is the greatest common divisor of b and 12?
12
Suppose 2*x = 4*x - 48. Let t(f) = 9*f + 24. Let q be t(8). Calculate the greatest common divisor of q and x.
24
Let f(b) = b**3 + 4*b**2 - 4*b + 10. Let u be f(-5). Calculate the greatest common divisor of 5 and u.
5
Suppose -a + 82 = 3*g, 3*g - 26 = 2*g - a. Suppose 0 = 4*d - 5*n - 305, -d + 60 = 4*n - 2*n. What is the highest common divisor of d and g?
14
Let i(k) = -k**3 - k**2 + k. Let x be i(-3). What is the greatest common divisor of 5 and x?
5
Let j be 17/(3 + 20/(-8)). What is the greatest common factor of 17 and j?
17
Let l(d) be the third derivative of d**5/60 - d**3/6 - 5*d**2. Let j be l(-3). Calculate the greatest common factor of 24 and j.
8
Let p(v) = -76*v**3 - 5*v - 4. Let n be p(-1). Calculate the greatest common factor of 11 and n.
11
Let f = 298 + -296. Let x(y) = 9*y - 1. Let k be x(1). Calculate the highest common divisor of k and f.
2
Let r be (12/8)/(12/16). What is the highest common divisor of 4 and r?
2
Let g(s) = -27*s**3 + s**2 - s - 1. Let j be g(-1). What is the greatest common factor of j and 98?
14
Suppose 2*s - 8 - 26 = 0. Calculate the greatest common divisor of s and 187.
17
Let r = -78 + 83. Calculate the highest common factor of r and 20.
5
Let m be 3/4*(-7 + 43). Let s = 20 + -12. Suppose 5*r - m = s. Calculate the highest common divisor of 14 and r.
7
Let l(z) = 4*z**2 - 9*z + 39. Let f(k) = -k**2 + 3*k - 13. Let h(i) = 7*f(i) + 2*l(i). Let q be h(10). Calculate the greatest common factor of 13 and q.
13
Let a = 28 + -25. Suppose -a*o - 28 = -7*o. What is the highest common factor of o and 28?
7
Let h be ((1 + 4)*1)/1. Let w(k) = -5 - 3*k**2 + 78*k**3 + 5*k - 2*k**2 - 79*k**3. Let f be w(-6). What is the greatest common divisor of h and f?
1
Suppose 121 = -5*f - 59. Let g = f - -54. Let s = g - 10. What is the highest common divisor of 32 and s?
8
Let n be 2 - (33/(-1))/(-3). Let a = -9 - n. Suppose -56 = -a*m - 2*m. What is the highest common divisor of 4 and m?
4
Let s = -1 - -4. Suppose 10*p - 25 = 5*p. Let f = p - 2. Calculate the greatest common factor of f and s.
3
Let o = -706 - -1003. Calculate the greatest common divisor of o and 33.
33
Suppose -3*z = -5*y - z + 9, -2*y - 5*z + 21 = 0. Suppose -y*l + 84 + 18 = 3*i, -104 = -3*i - 5*l. Calculate the greatest common divisor of 3 and i.
3
Let m be (-20)/25 + 279/5. Calculate the greatest common factor of 22 and m.
11
Let u(y) = -y**2 + 13*y + 16. Let o be u(11). Suppose 2*z + 10 = 0, 0*k = 2*k - 4*z - o. What is the highest common factor of k and 45?
9
Let m(b) = 2*b**2 - 5*b - 3. Let a be m(4). Suppose 0 = -2*y - 5*k - a, 0 = y + 3*k + 4 + 2. Calculate the highest common divisor of 24 and y.
3
Let l(p) be the first derivative of p**3/3 - 2*p + 6. Let g be l(3). Calculate the greatest common divisor of 77 and g.
7
Let a be 2/8 + 76/16. Suppose 23 = 2*g - a*h, -2*g + 2*h - 3 = -17. Calculate the highest common divisor of 8 and g.
4
Let g = -61 - -144. Let p = -35 + g. Let b be 2/((-2)/(-6) + 0). What is the highest common divisor of b and p?
6
Let f = -20 + 40. What is the highest common divisor of 10 and f?
10
Suppose -5*p + 5*w = -85, 2*w + 89 = 5*p + w. Calculate the highest common divisor of p and 24.
6
Suppose -5*m = -2*j - 1, j + 3 = -j + 3*m. Let v = j - -3. Let k be (v + -16 + -1)*-1. Calculate the greatest common divisor of 17 and k.
17
Let j(h) = -h**3 - 13*h**2 - 12*h + 2. Let b be j(-12). Let u be 146/9 - (-6)/(-27). What is the greatest common divisor of u and b?
2
Let r(m) = m**2 - 5*m - 4. Let a be r(7). Let h = a + -6. Calculate the greatest common divisor of h and 16.
4
Let i(o) = -2*o + 5*o + 11 - 2*o. Let h be i(-9). Let t(l) = 6*l**3 - 2*l**2 + 4*l - 3. Let c be t(h). What is the greatest common divisor of c and 5?
5
Suppose -3 = -4*n - 11, 2*n - 3 = -h. Calculate the greatest common divisor of 49 and h.
7
Let x(t) = 4*t + 2. Let d be x(2). Suppose 2*y - 25 = -0*y - z, -2*y + 35 = -z. Calculate the highest common divisor of d and y.
5
Suppose 0 = -y - 5*y + 660. Calculate the greatest common factor of y and 10.
10
Let i(y) = y**2 + 11*y + 16. Let n be i(9). Calculate the highest common divisor of n and 28.
28
Let f(p) = 14*p**2 + p. Let g be f(-1). Let o = g + -10. Suppose 0 = q - 4*q + 9. What is the highest common factor of o and q?
3
Let i = -5 + 8. Let l = i - 5. Let r(c) = 5*c**2 + c. Let u be r(l). What is the highest common divisor of u and 54?
18
Let l be 10*(6/(-15))/(-1). Let i(y) = -y**3 + 7*y**2 - 3. Let d be i(l). Calculate the highest common divisor of d and 18.
9
Let m be (-24)/(-14) - 2/(-7). Suppose w - m*t - 1 = 0, -2*t + 0*t - 28 = 2*w. Let k = -2 - w. Calculate the highest common factor of 56 and k.
7
Suppose -38*p + 42*p - 800 = 0. What is the greatest common factor of 20 and p?
20
Let z = -59 + 85. What is the greatest common divisor of 13 and z?
13
Suppose -28 = -2*s + s + 2*b, 97 = 4*s - 3*b. Calculate the highest common divisor of s and 55.
11
Let v(t) = 3*t + 43. Let k be v(-8). Let r(s) = 83*s**2 + 1. Let u be r(-1). Let x = u - 27. What is the greatest common divisor of k and x?
19
Suppose -91 = 4*i - 631. Calculate the highest common divisor of 27 and i.
27
Let p(q) = 3*q - 2. Let u be p(6). Let c = -10 + u. What is the greatest common factor of 12 and c?
6
Suppose -b = 4*b - 20, 3*v - 134 = -5*b. Calculate the highest common factor of 19 and v.
19
Suppose 14 = 5*w + 4. Suppose -5*m = -5*n + 140, 12 = 5*m + w. What is the highest common divisor of 15 and n?
15
Let u(s) be the first derivative of -s**4/4 + s**3/3 + 3*s**2/2 - s - 2. Let m be u(-3). Calculate the highest common divisor of 13 and m.
13
Let j(o) = -3*o - 8. Let g be j(-4). Calculate the highest common factor of 40 and g.
4
Let j(c) = -c**2 - c. Let i(q) = -2*q**2 + 7*q - 3. Let v(k) = i(k) - j(k). Let f be v(5). Calculate the greatest common divisor of f and 12.
12
Suppose -4*s + o + 4 = -o, 0 = -2*s - 3*o + 18. Suppose 7*b - s*b = 96. Calculate the greatest common divisor of 168 and b.
24
Let b be (143*-1)/(1 - 2). Suppose 0 = 3*q - 5*y - 14, 2*q + 4*y - y = 41. Calculate the highest common divisor of q and b.
13
Let j(w) = w**2 + w. Let c be j(1). Let b be 100 - (2 - (0 - -1)). Suppose b = -y + c*y. Calculate the greatest common divisor of y and 11.
11
Let f(m) = m**3 + 8*m**2 - 3*m - 6. Let b be f(-5). Let p be b/2*9/6. What is the greatest common divisor of 9 and p?
9
Let k = 33 + 107. Calculate the greatest common divisor of k and 28.
28
Let s(u) = -2*u**3 - 4*u**2 - 3*u - 1. Let k be s(-2). Suppose k*l - 95 = -0*l. Calculate the greatest common factor of l and 19.
19
Suppose -k = 2*k + 30. Let l be 2/(16/k)*-52. Let n(i) = i**2 - 5*i + 7. Let y be n(6). What is the greatest common divisor of y and l?
13
Let h(m) = -m + 19. Let a be h(-10). What is the highest common factor of 58 and a?
29
Let p(i) = 13*i - 5. Let w be p(2). What is the highest common factor of 3 and w?
3
Let a be 0 - -3*(-2)/(-3). Suppose l = -a*l + 3*p + 369, -l + 5*p + 131 = 0. Calculate the greatest common divisor of 11 and l.
11
Let d = -10 - -15. Suppose -3*n - 10 = -j - 32, d*n = -2*j + 22. What is the highest common divisor of n and 15?
3
Suppose